{"id":8,"date":"2017-07-21T05:43:51","date_gmt":"2017-07-21T05:43:51","guid":{"rendered":"http:\/\/alpaka-exklusiv.at.methusalix.koerbler.com\/alpaka\/?page_id=8"},"modified":"2025-02-21T09:40:23","modified_gmt":"2025-02-21T09:40:23","slug":"alpaka","status":"publish","type":"page","link":"https:\/\/alpaka-exklusiv.at\/alpaka\/alpaka\/","title":{"rendered":"Alpaka"},"content":{"rendered":"<p>Alpaka ist ein Luxus, den uns die Natur geschenkt hat. Und warum diese Naturfaser so besonders ist, wird rasch klar. In den Anden S\u00fcdamerikas erkannte man bereits um 3.000v.Chr. den Wert und die Qualit\u00e4t der Wolle der Alpakas, die man auch das \u201eVlies der G\u00f6tter\u201c nannte.<\/p>\n<p>Die Alpaka Faser ist f\u00fcr ihre enorme Feinheit, ihren seidigen Glanz sowie ihre unnachahmliche Weichheit ber\u00fchmt und z\u00e4hlt neben Kaschmir und Seide zu den edelsten und begehrtesten aller Naturfasern. Sie ist aber nicht einfach nur wundersch\u00f6n.<\/p>\n<p>Alpaka-Wolle ist langlebig, widerstandsf\u00e4hig und dank ihrer Struktur sogar von Natur aus thermoregulierend. Au\u00dferdem weist sie ein reiches Farbenspiel auf: Keine andere Tierfaser hat ann\u00e4hernd so viele nat\u00fcrliche Farbnuancen. Und auch Allergiker profitieren vom geringen Lanolingehalt dieser einzigartigen Faser.<\/p>\n","protected":false},"excerpt":{"rendered":"<p>Alpaka ist ein Luxus, den uns die Natur geschenkt hat. Und warum diese Naturfaser so besonders ist, wird rasch klar. In den Anden S\u00fcdamerikas erkannte man bereits um 3.000v.Chr. den Wert und die Qualit\u00e4t der Wolle der Alpakas, die man auch das \u201eVlies der G\u00f6tter\u201c nannte. Die Alpaka Faser ist f\u00fcr ihre enorme Feinheit, ihren &hellip; <a href=\"https:\/\/alpaka-exklusiv.at\/alpaka\/alpaka\/\" class=\"more-link\"><span class=\"screen-reader-text\">Alpaka<\/span> weiterlesen <span class=\"meta-nav\">&rarr;<\/span><\/a><\/p>\n","protected":false},"author":1,"featured_media":5991,"parent":0,"menu_order":0,"comment_status":"closed","ping_status":"closed","template":"page-templates\/alpaka.php","meta":{"_acf_changed":false,"_monsterinsights_skip_tracking":false,"_monsterinsights_sitenote_active":false,"_monsterinsights_sitenote_note":"","_monsterinsights_sitenote_category":0,"footnotes":""},"class_list":["post-8","page","type-page","status-publish","has-post-thumbnail","hentry"],"acf":[],"_links":{"self":[{"href":"https:\/\/alpaka-exklusiv.at\/alpaka\/wp-json\/wp\/v2\/pages\/8","targetHints":{"allow":["GET"]}}],"collection":[{"href":"https:\/\/alpaka-exklusiv.at\/alpaka\/wp-json\/wp\/v2\/pages"}],"about":[{"href":"https:\/\/alpaka-exklusiv.at\/alpaka\/wp-json\/wp\/v2\/types\/page"}],"author":[{"embeddable":true,"href":"https:\/\/alpaka-exklusiv.at\/alpaka\/wp-json\/wp\/v2\/users\/1"}],"replies":[{"embeddable":true,"href":"https:\/\/alpaka-exklusiv.at\/alpaka\/wp-json\/wp\/v2\/comments?post=8"}],"version-history":[{"count":34,"href":"https:\/\/alpaka-exklusiv.at\/alpaka\/wp-json\/wp\/v2\/pages\/8\/revisions"}],"predecessor-version":[{"id":11406,"href":"https:\/\/alpaka-exklusiv.at\/alpaka\/wp-json\/wp\/v2\/pages\/8\/revisions\/11406"}],"wp:featuredmedia":[{"embeddable":true,"href":"https:\/\/alpaka-exklusiv.at\/alpaka\/wp-json\/wp\/v2\/media\/5991"}],"wp:attachment":[{"href":"https:\/\/alpaka-exklusiv.at\/alpaka\/wp-json\/wp\/v2\/media?parent=8"}],"curies":[{"name":"wp","href":"https:\/\/api.w.org\/{rel}","templated":true}]}}